{"id":731,"date":"2009-07-17T21:55:32","date_gmt":"2009-07-17T19:55:32","guid":{"rendered":"http:\/\/localhost:8888\/wordpress\/?page_id=2"},"modified":"2010-11-30T20:59:46","modified_gmt":"2010-11-30T18:59:46","slug":"eine-seite-2","status":"publish","type":"page","link":"http:\/\/www.lichtundgesundheit.de\/cyberlux\/?page_id=731","title":{"rendered":"Licht ist Leben"},"content":{"rendered":"<p>\u201cLux vita est\u201d, Licht ist Leben, hie\u00df es, noch bevor unsere Zeitrechnung begann. Auch ohne Bibellekt\u00fcre f\u00e4llt es leicht zu glauben: Erst wurde Licht, dann Leben auf Erden. Von dem Tag an, als die Menschen die ersten Geb\u00e4ude zum Wohnen und Arbeiten bauten, bis etwa zum Jahre 1950 bestand lux fast ausschlie\u00dflich aus Sonnen- und Tageslicht. Und das, obwohl die Geschichte der k\u00fcnstlichen Beleuchtung fast so alt ist wie die der Baukunst. Deren Nutzung beschr\u00e4nkte man allerdings gerne auf das Notwendigste, denn sie war teuer, mit diversen unangenehmen Effekten wie W\u00e4rme und Rauch verbunden und nicht selten \u201canr\u00fcchig\u201d wie die Karbidlampe. Selbst Goethe hat den etwa im Jahre 1950 wahr gewordenen Zustand herbeigesehnt: \u201cSie k\u00f6nnten nichts besseres erfinden, als wenn die Lampen ohne zu putzen brenneten.\u201d<\/p>\n<p>Mit der Verf\u00fcgbarkeit der Leuchtstofflampe als billige Lichtquelle, die man nur selten putzen muss, wurden nicht nur Tr\u00e4ume der Lichttechnik wahr. Die Architektur hat in der zweiten H\u00e4lfte des 20. Jahrhunderts mit atemberaubender Geschwindigkeit von ihren Traditionen Abschied genommen, zu deren ausgepr\u00e4gtesten die Konzeptionierung der Geb\u00e4ude nach Tageslichtnutzung geh\u00f6rte. Kaum war aber die Leuchtstofflampe wirtschaftlich nutzbar geworden, schon wurden die ersten fast tageslichtlosen Grossraumb\u00fcros gebaut. Zum Ende der 60er Jahre plante und baute man bereits fensterlose Schulr\u00e4ume und Zellenb\u00fcros. Das Zentralgestirn unserer Galaxie hatte seine Rolle als Dreh- und Angelpunkt f\u00fcr die Architektur von Arbeitsst\u00e4tten (vorerst) verloren. Zum Beleuchten brauchten wir die Sonne nicht mehr.<\/p>\n<p>Doch heute beginnt man zu erkennen, was man damit angerichtet hat. &#8222;Experten&#8220;, die noch vor Kurzem &#8222;ihr&#8220; Licht, das nach ihren Normen, als Voraussetzung f\u00fcr Sicherheit und Gesundheit w\u00e4hnten, halten heute Kongresse ab, die sich mit dem Thema &#8222;Licht und Gesundheit&#8220; auseinandersetzen. Was sie einst f\u00fcr die beste L\u00f6sung hielten, gilt sogar als gesundheitssch\u00e4dlich.<\/p>\n<p>Kunstlicht kann \u2013 und sollte \u2013 mehr sein als ein blo\u00dfer Erf\u00fcllungsgehilfe f\u00fcr Sehaufgaben. Die Lichtplanung der Zukunft wird daher eine \u201eLichtkunst\u201c sein, die auch mit den medizinisch-psychologischen Wirkungen des Lichts verantwortungsvoll umgeht.<\/p>\n<p>Und zu diesen geh\u00f6ren untrennbar die Wirkungen des Tageslichts. Anstelle das Licht der Sonne nachahmen zu wollen, um den ewigen Sommertag in Wohnungen und Arbeitsst\u00e4tten 24 Stunden lang auf Knopfdruck herzustellen, wird man sich eher damit besch\u00e4ftigen m\u00fcssen, wie man die positiven Wirkungen des Tageslichts unterst\u00fctzt. Hell wie der lichte Tag &#8211; ist nur der lichte Tag.<\/p>\n<p>Wir m\u00fcssen uns aber stets vor den Augen halten, dass der lichte Tag nicht nur Helligkeit bringt. Das Tageslicht ist stets verbunden mit nicht sichtbarer Strahlung, die allerdings umso wichtiger ist f\u00fcr die biologischen und psychischen Wirkungen. In Innenr\u00e4umen suchte man einen Teil davon, UV, weitgehend vergebens, weil unsere Fenstergl\u00e4ser nur wenig UV durchlie\u00dfen. Im Zuge der Energieeffizienzdebatte sind auch die letzten Reste verschwunden, weil die &#8222;hochwertigen&#8220; Glasfassaden sie verschlucken. Wenn es denn dabei bliebe. Zum Schutze des Geb\u00e4udes gegen W\u00e4rmeverlust und gegen W\u00e4rmezufuhr werden Gl\u00e4ser eingesetzt, die auch das Infrarot fast vollkommen beschneiden. Auch vom &#8222;lichten&#8220; Tag, also von der sichtbaren Strahlung, wird ein Teil abgeschnitten &#8211; bezeichnenderweise der, den man mit &#8222;biologisch&#8220; wirksamer Beleuchtung in den Innenraum bringen m\u00f6chte.<\/p>\n<p>Gegen die letzteren Probleme sind wir machtlos, weil man sie einfach nicht sieht. Nur mit teueren Laborinstrumenten kann man sie messen. Kaum jemand in der Gesellschaft nimmt sie wahr, die Betroffenen vielleicht, aber dann nur indirekt und nicht bewusst.<\/p>\n<p>Vermutlich wird man nie k\u00fcnstlich UV in Arbeitsr\u00e4ume bringen. Privatleute m\u00f6gen dies tun, werden sich aber meistens davor h\u00fcten. Was bleibt \u00fcbrig? Warum nicht das Naheliegende tun?<\/p>\n","protected":false},"excerpt":{"rendered":"<p>\u201cLux vita est\u201d, Licht ist Leben, hie\u00df es, noch bevor unsere Zeitrechnung begann. Auch ohne Bibellekt\u00fcre f\u00e4llt es leicht zu glauben: Erst wurde Licht, dann Leben auf Erden. Von dem Tag an, als die Menschen die ersten Geb\u00e4ude zum Wohnen und <a href=\"http:\/\/www.lichtundgesundheit.de\/cyberlux\/?page_id=731\"> Read more&#8230;<\/a><\/p>\n","protected":false},"author":1,"featured_media":0,"parent":0,"menu_order":2,"comment_status":"closed","ping_status":"closed","template":"","meta":{"footnotes":""},"tags":[214,98,100,102,107,113,118,119,120,217],"class_list":["post-731","page","type-page","status-publish","hentry","tag-allgemein","tag-arbeit","tag-architektur","tag-cen","tag-ges","tag-licht","tag-normen","tag-sehaufgabe","tag-sicherheit","tag-daylight"],"_links":{"self":[{"href":"http:\/\/www.lichtundgesundheit.de\/cyberlux\/index.php?rest_route=\/wp\/v2\/pages\/731","targetHints":{"allow":["GET"]}}],"collection":[{"href":"http:\/\/www.lichtundgesundheit.de\/cyberlux\/index.php?rest_route=\/wp\/v2\/pages"}],"about":[{"href":"http:\/\/www.lichtundgesundheit.de\/cyberlux\/index.php?rest_route=\/wp\/v2\/types\/page"}],"author":[{"embeddable":true,"href":"http:\/\/www.lichtundgesundheit.de\/cyberlux\/index.php?rest_route=\/wp\/v2\/users\/1"}],"replies":[{"embeddable":true,"href":"http:\/\/www.lichtundgesundheit.de\/cyberlux\/index.php?rest_route=%2Fwp%2Fv2%2Fcomments&post=731"}],"version-history":[{"count":3,"href":"http:\/\/www.lichtundgesundheit.de\/cyberlux\/index.php?rest_route=\/wp\/v2\/pages\/731\/revisions"}],"predecessor-version":[{"id":1002,"href":"http:\/\/www.lichtundgesundheit.de\/cyberlux\/index.php?rest_route=\/wp\/v2\/pages\/731\/revisions\/1002"}],"wp:attachment":[{"href":"http:\/\/www.lichtundgesundheit.de\/cyberlux\/index.php?rest_route=%2Fwp%2Fv2%2Fmedia&parent=731"}],"wp:term":[{"taxonomy":"post_tag","embeddable":true,"href":"http:\/\/www.lichtundgesundheit.de\/cyberlux\/index.php?rest_route=%2Fwp%2Fv2%2Ftags&post=731"}],"curies":[{"name":"wp","href":"https:\/\/api.w.org\/{rel}","templated":true}]}}

<p>“Lux vita est”, Licht ist Leben, hieß es, noch bevor unsere Zeitrechnung begann. Auch ohne Bibellektüre fällt es leicht zu glauben: Erst wurde Licht, dann Leben auf Erden. Von dem Tag an, als die Menschen die ersten Gebäude zum Wohnen und Arbeiten bauten, bis etwa zum Jahre 1950 bestand lux fast ausschließlich aus Sonnen- und Tageslicht. Und das, obwohl die Geschichte der künstlichen Beleuchtung fast so alt ist wie die der Baukunst. Deren Nutzung beschränkte man allerdings gerne auf das Notwendigste, denn sie war teuer, mit diversen unangenehmen Effekten wie Wärme und Rauch verbunden und nicht selten “anrüchig” wie die Karbidlampe. Selbst Goethe hat den etwa im Jahre 1950 wahr gewordenen Zustand herbeigesehnt: “Sie könnten nichts besseres erfinden, als wenn die Lampen ohne zu putzen brenneten.”</p>
<p>Mit der Verfügbarkeit der Leuchtstofflampe als billige Lichtquelle, die man nur selten putzen muss, wurden nicht nur Träume der Lichttechnik wahr. Die Architektur hat in der zweiten Hälfte des 20. Jahrhunderts mit atemberaubender Geschwindigkeit von ihren Traditionen Abschied genommen, zu deren ausgeprägtesten die Konzeptionierung der Gebäude nach Tageslichtnutzung gehörte. Kaum war aber die Leuchtstofflampe wirtschaftlich nutzbar geworden, schon wurden die ersten fast tageslichtlosen Grossraumbüros gebaut. Zum Ende der 60er Jahre plante und baute man bereits fensterlose Schulräume und Zellenbüros. Das Zentralgestirn unserer Galaxie hatte seine Rolle als Dreh- und Angelpunkt für die Architektur von Arbeitsstätten (vorerst) verloren. Zum Beleuchten brauchten wir die Sonne nicht mehr.</p>
<p>Doch heute beginnt man zu erkennen, was man damit angerichtet hat. &#8222;Experten&#8220;, die noch vor Kurzem &#8222;ihr&#8220; Licht, das nach ihren Normen, als Voraussetzung für Sicherheit und Gesundheit wähnten, halten heute Kongresse ab, die sich mit dem Thema &#8222;Licht und Gesundheit&#8220; auseinandersetzen. Was sie einst für die beste Lösung hielten, gilt sogar als gesundheitsschädlich.</p>
<p>Kunstlicht kann – und sollte – mehr sein als ein bloßer Erfüllungsgehilfe für Sehaufgaben. Die Lichtplanung der Zukunft wird daher eine „Lichtkunst“ sein, die auch mit den medizinisch-psychologischen Wirkungen des Lichts verantwortungsvoll umgeht.</p>
<p>Und zu diesen gehören untrennbar die Wirkungen des Tageslichts. Anstelle das Licht der Sonne nachahmen zu wollen, um den ewigen Sommertag in Wohnungen und Arbeitsstätten 24 Stunden lang auf Knopfdruck herzustellen, wird man sich eher damit beschäftigen müssen, wie man die positiven Wirkungen des Tageslichts unterstützt. Hell wie der lichte Tag &#8211; ist nur der lichte Tag.</p>
<p>Wir müssen uns aber stets vor den Augen halten, dass der lichte Tag nicht nur Helligkeit bringt. Das Tageslicht ist stets verbunden mit nicht sichtbarer Strahlung, die allerdings umso wichtiger ist für die biologischen und psychischen Wirkungen. In Innenräumen suchte man einen Teil davon, UV, weitgehend vergebens, weil unsere Fenstergläser nur wenig UV durchließen. Im Zuge der Energieeffizienzdebatte sind auch die letzten Reste verschwunden, weil die &#8222;hochwertigen&#8220; Glasfassaden sie verschlucken. Wenn es denn dabei bliebe. Zum Schutze des Gebäudes gegen Wärmeverlust und gegen Wärmezufuhr werden Gläser eingesetzt, die auch das Infrarot fast vollkommen beschneiden. Auch vom &#8222;lichten&#8220; Tag, also von der sichtbaren Strahlung, wird ein Teil abgeschnitten &#8211; bezeichnenderweise der, den man mit &#8222;biologisch&#8220; wirksamer Beleuchtung in den Innenraum bringen möchte.</p>
<p>Gegen die letzteren Probleme sind wir machtlos, weil man sie einfach nicht sieht. Nur mit teueren Laborinstrumenten kann man sie messen. Kaum jemand in der Gesellschaft nimmt sie wahr, die Betroffenen vielleicht, aber dann nur indirekt und nicht bewusst.</p>
<p>Vermutlich wird man nie künstlich UV in Arbeitsräume bringen. Privatleute mögen dies tun, werden sich aber meistens davor hüten. Was bleibt übrig? Warum nicht das Naheliegende tun?</p>

<p>“Lux vita est”, Licht ist Leben, hieß es, noch bevor unsere Zeitrechnung begann. Auch ohne Bibellektüre fällt es leicht zu glauben: Erst wurde Licht, dann Leben auf Erden. Von dem Tag an, als die Menschen die ersten Gebäude zum Wohnen und <a href="http://www.lichtundgesundheit.de/cyberlux/?page_id=731"> Read more&#8230;</a></p>
